 10) to base 15.
-7c64
-38dd (base 14) to base 7
-41066
What is -111001 (base 3) in base 2?
-101100000
-22111 (base 3) to base 12
-171
-5270 (base 8) to base 11
-2075
-9b8 (base 16) to base 15
-b0d
Convert -12344 (base 5) to base 10.
-974
Convert 409 (base 16) to base 15.
48d
What is 10626 (base 7) in base 10?
2715
Convert -17534 (base 10) to base 8.
-42176
What is 8633 (base 10) in base 6?
103545
111001110110100 (base 2) to base 3
1111122001
10101000110 (base 2) to base 3
1212000
What is 3a4b (base 13) in base 4?
2002120
What is 110313 (base 4) in base 14?
6b5
Convert bf9 (base 16) to base 10.
3065
Convert -569 (base 10) to base 2.
-1000111001
What is 3302031 (base 4) in base 14?
5913
What is -75f (base 16) in base 8?
-3537
What is -1265 (base 16) in base 10?
-4709
1711 (base 8) to base 14
4d3
Convert -100200122 (base 3) to base 16.
-1b98
1219 (base 10) to base 9
1604
Convert 2033031 (base 4) to base 14.
34a9
Convert 14705 (base 10) to base 12.
8615
What is 220 (base 3) in base 7?
33
Convert 1043 (base 10) to base 9.
1378
Convert -24130 (base 6) to base 13.
-17a0
What is 134230 (base 5) in base 15?
19b0
Convert 5425 (base 6) to base 14.
649
Convert 20133010 (base 4) to base 13.
12a87
-1110011000100 (base 2) to base 7
-30320
What is -4d (base 16) in base 6?
-205
-37ac (base 16) to base 2
-11011110101100
Convert 1101110001011010 (base 2) to base 13.
1c8a3
Convert 397 (base 10) to base 2.
110001101
What is 5d0 (base 14) in base 6?
5214
12037 (base 8) to base 12
2b93
Convert -28201 (base 9) to base 3.
-222020001
-1030031 (base 4) to base 2
-1001100001101
-86057 (base 9) to base 16
-de52
Convert -11140 (base 7) to base 2.
-101100000101
Convert 99b (base 12) to base 15.
645
-1523411 (base 6) to base 2
-10101101101011111
Convert -203a (base 16) to base 4.
-2000322
Convert 3305 (base 7) to base 8.
2235
Convert 10012000 (base 4) to base 11.
11664
17430 (base 8) to base 11
5a87
Convert 127 (base 10) to base 6.
331
4152 (base 10) to base 9
5623
-6bca (base 13) to base 3
-202212020
Convert 11808 (base 10) to base 7.
46266
What is -16623 (base 13) in base 5?
-2332121
What is 4013 (base 10) in base 7?
14462
Convert -4960 (base 12) to base 13.
-39cc
3101 (base 12) to base 16
14d1
-101103 (base 4) to base 3
-1112000
Convert -1422331 (base 5) to base 12.
-15244
What is 1078 (base 9) in base 2?
1100100000
-22222 (base 3) to base 11
-200
Convert -1558 (base 9) to base 3.
-1121222
What is 103210 (base 5) in base 4?
313203
2240 (base 7) to base 5
11222
What is 4241101 (base 5) in base 16?
116e9
978 (base 10) to base 11
80a
1113b (base 13) to base 7
156212
Convert -23626 (base 7) to base 13.
-2a49
31031323 (base 4) to base 11
37748
What is 122607 (base 8) in base 13?
16398
Convert -32331132 (base 4) to base 9.
-103046
What is 102230 (base 6) in base 16?
206a
Convert -1313 (base 7) to base 6.
-2152
-54031 (base 8) to base 15
-6a38
Convert 546 (base 10) to base 14.
2b0
What is -169 (base 14) in base 3?
-101201
2b3 (base 16) to base 12
497
Convert 30c (base 14) to base 3.
211020
11010001111010 (base 2) to base 12
7936
Convert a4cc (base 15) to base 10.
34842
What is -38a7 (base 11) in base 14?
-1bca
-10881 (base 9) to base 6
-53414
556 (base 11) to base 16
29a
What is -11110011 (base 2) in base 7?
-465
Convert -212121120 (base 3) to base 8.
-41476
Convert 32 (base 15) to base 11.
43
23204 (base 6) to base 8
6364
Convert 1201112112 (base 3) to base 9.
51475
-17795 (base 13) to base 7
-245624
-5407 (base 16) to base 8
-52007
-1121 (base 5) to base 10
-161
What is -31 (base 14) in base 15?
-2d
Convert -1102 (base 7) to base 3.
-112121
What is 1047 (base 8) in base 15?
26b
Convert -1ab55 (base 12) to base 3.
-2000102002
What is 4110 (base 7) in base 6?
10340
Convert 4946 (base 12) to base 2.
10000001000110
Convert -37b (base 16) to base 9.
-1200
What is -7a33 (base 11) in base 2?
-10100101000011
What is -320d (base 15) in base 9?
-15464
What is 111101011101110 (base 2) in base 12?
16266
-11312 (base 4) to base 6
-1422
1000011101110 (base 2) to base 8
10356
Convert aa9 (base 14) to base 4.
200331
23627 (base 9) to base 8
36714
Convert 100100011100000 (base 2) to base 7.
105251
Convert -1220 (base 3) to base 16.
-33
-22d1 (base 16) to base 5
-241123
What is -2575 (base 13) in base 4?
-1103113
What is 2bb (base 14) in base 11?
467
What is 2cb (base 16) in base 7?
2041
Convert 112022 (base 3) to base 14.
1d8
76 (base 14) to base 4
1220
575 (base 8) to base 16
17d
Convert 121221 (base 3) to base 7.
1222
What is -1018 (base 10) in base 4?
-33322
What is -14035 (base 10) in base 9?
-21224
Convert 700 (base 16) to base 7.
5140
What is -560 (base 9) in base 13?
-294
What is -301110 (base 4) in base 16?
-c54
-1512 (base 6) to base 15
-1be
1862 (base 10) to base 13
b03
3073 (base 8) to base 13
959
Convert -bc2 (base 13) to base 11.
-1574
Convert 1220 (base 9) to base 3.
1020200
Convert -10220121 (base 3) to base 8.
-5443
Convert -13 (base 11) to base 2.
-1110
Convert 1264 (base 7) to base 12.
347
Convert -1106 (base 16) to base 10.
-4358
-2331 (base 9) to base 6
-12001
What is -3275 (base 9) in base 4?
-211301
-3826 (base 12) to base 15
-1d46
-120020 (base 4) to base 2
-11000001000
What is -3303 (base 11) in base 5?
-114414
Convert -1002222 (base 4) to base 9.
-5760
Convert -2b75 (base 15) to base 2.
-10010001110111
What is 275 (base 12) in base 5?
3002
10ba (base 14) to base 8
5534
623 (base 9) to base 6
2203
Convert 1973 (base 13) to base 5.
110222
What is 237 (base 12) in base 14?
199
Convert 4351 (base 7) to base 11.
1194
Convert -42120 (base 5) to base 9.
-3734
Convert -103 (base 4) to base 2.
-10011
What is 1266 (base 13) in base 6?
20043
232062 (base 7) to base 9
62883
-310434 (base 5) to base 2
-10011110000111
-16244 (base 10) to base 16
-3f74
-490 (base 12) to base 7
-1665
Convert -fad (base 16) to base 12.
-23a5
Convert -180a8 (base 14) to base 4.
-32301210
Convert 2091 (base 12) to base 7.
13252
What is 2e60 (base 15) in base 9?
14630
Convert 2016 (base 13) to base 5.
120123
162445 (base 7) to base 15
97bd
Convert -487 (base 9) to base 8.
-623
What is -1036 (base 9) in base 11?
-633
What is -2af9 (base 16) in base 4?
-2223321
What is 1132 (base 11) in base 13?
8a5
What is -402433 (base 6) in base 5?
-2003301
-10e (base 16) to base 4
-10032
Convert 401111 (base 5) to base 8.
30560
224001 (base 5) to base 2
1111101000001
What is 211 (base 11) in base 8?
376
Convert -20121121 (base 3) to base 7.
-20026
Convert 1807 (base 10) to base 8.
3417
What is -101010000 (base 3) in base 7?
-30330
22100110 (base 3) to base 2
1011111000111
Convert -110300 (base 4) to base 13.
-7b2
Convert 3332 (base 6) to base 13.
479
What is 10499 (base 11) in base 6?
154305
Convert -21237 (base 10) to base 7.
-115626
What is -1002022220 (base 3) in base 9?
-32286
What is -1011000101011 (base 2) in base 12?
-334b
Convert 14415 (base 7) to base 5.
111411
What is -1221022022 (base 3) in base 4?
-21103310
What is e (base 16) in base 14?
10
-15265 (base 12) to base 8
-72055
Convert 1111011110 (base 3) to base 5.
1414110
What is -4225 (base 14) in base 11?
-8625
What is 1011110111 (base 2) in base 5?
11014
Convert 10204 (base 6) to base 2.
10101011100
Convert -6911 (base 10) to base 6.
-51555
What is 3a4 (base 11) in base 3?
122200
What is 2c7 (base 14) in base 7?
1440
-10255 (base 6) to base 13
-83c
-1715 (base 8) to base 12
-691
-2020002121 (base 3) to base 10
-43810
What is 15636 (base 7) in base 2?
1000101010101
5169 (base 11) to base 8
15303
Convert -3010013 (base 4) to base 2.
-11000100000111
What is 693 (base 13) in base 2?
10001101110
Convert -1587 (base 15) to base 9.
-6311
What is -8323 (base 9) in base 12?
-3640
What is 2000 (base 5) in base 9?
307
Convert -3325 (base 8) to base 14.
-8cd
Convert 28c (base 16) to base 15.
2d7
What is -7a4 (base 11) in base 4?
-33001
What is 2102200 (base 3) in base 12?
1039
What is 13402 (base 8) in base 16?
1702
What is 231 (base 10) in base 12?
173
What is 888 (base 11) in base 5?
13224
Convert 2002313 (base 4) to base 6.
102435
1222120100 (base 3) to base 2
1001100010001011
Convert 132 (base 12) to base 11.
156
What is 12a3 (base 11) in base 7?
4626
Convert -12a1 (base 12) to base 4.
-201121
Convert 7877 (base 11) to base 12.
6001
1202000 (base 3) to base 